te?
True
Suppose p + 9 - 27 = 0. Let t = -2 + 5. Let y = t + p. Is y composite?
True
Let m(a) = a - 3. Suppose -5*q + 3 = -37. Let h be m(q). Suppose -h*p = -0*v - 2*v - 899, 5*p = -4*v + 887. Is p composite?
False
Suppose 0*c - 5*c = -10. Suppose 3*m + 3 = -96. Is c + 0 + 0 - m a prime number?
False
Suppose -112 - 33 = -5*n. Let h = n + -17. Let s = h + -2. Is s a composite number?
True
Suppose 22918 = 6*f - 848. Is f composite?
True
Suppose 0*x = -3*c + 2*x + 894, -5*x = -5*c + 1495. Suppose -a = -c + 71. Let j = a - 146. Is j prime?
True
Suppose -3*j = 2*j + 30. Let u(w) = -3*w**3 - 10*w**2 - 9*w - 9. Let g be u(j). Suppose 0 = -4*v - 5*p + g, -4*p + 3*p = 4*v - 313. Is v a composite number?
True
Suppose -7*y = 3*n - 4*y - 3123, -4 = 2*y. Is n composite?
True
Suppose 0 = -4*b + s - 0*s - 18, 3*b + 3*s = -21. Let v = b - -5. Suppose 2*x - 382 = -v*x. Is x a prime number?
True
Let o be -1 - -1 - (-12 + 2). Suppose 15 + o = 5*h. Suppose -4*t - h = -81. Is t a prime number?
True
Let i = -81 + 734. Is i composite?
False
Let i be (-18)/4*6/(-9). Suppose 230 = m - 2*j, 0 = -i*j + j - 4. Is m prime?
False
Let z = 106 - 66. Suppose c - z = -7. Suppose -5*v + 4*h + 110 + c = 0, 0 = -4*h + 12. Is v composite?
False
Suppose 4*f - 26 = 6. Is 4/f*2*15 a prime number?
False
Suppose -5*l + 40 + 0 = -t, 4*t = 2*l - 16. Let c = -4 + l. Suppose 0 = -4*h + c*j + 56, -6*h + 2*h + 48 = 4*j. Is h composite?
False
Let i(n) = n**3 - 2*n**2 - n - 3. Let b be i(3). Is 139/1*(b + -2) composite?
False
Let x be 4/((-48)/(-9) + -4). Suppose -x*a - 310 = -d - 0*a, -d + 4*a = -311. Is d a composite number?
False
Let j = -26 - -91. Is j composite?
True
Let x(c) = c**3 - 2*c**2 + 2*c + 4. Let v(l) = -3*l - 3. Let n be v(-2). Is x(n) prime?
True
Let w = 1 + 1. Is (w/4)/(5/830) a composite number?
False
Let h be 275 + 9/(-3) + 3. Let f = -5 + 9. Suppose u - h = -f*u. Is u prime?
False
Let y(s) = -s + 3. Let k be y(3). Let u = -1 + k. Let z(r) = 22*r**2 + r + 1. Is z(u) composite?
True
Let l(n) = 251*n**2 - n - 1. Is l(-1) a prime number?
True
Let y = -853 - -1526. Is y composite?
False
Let l(f) = 19*f**3 - 2*f**2 + 4*f - 1. Is l(4) a prime number?
False
Let b be (-9)/6*(6 - 2). Let d be 1 - 2*3/b. Suppose g + 4*g - 423 = -d*j, 2*g + 4*j - 166 = 0. Is g a prime number?
False
Suppose -4*w - 442 = 2*o - 4, 0 = -w + 5*o - 93. Let b = 155 + w. Is b a composite number?
False
Let l = 4 + 215. Is l prime?
False
Let f(z) = -2*z**3 - 3*z**2 - 3*z - 2. Is f(-3) prime?
False
Let a = 13 - -13. Suppose -2*u + u = -a. Is u composite?
True
Let q(j) = 384*j**2 + 3*j + 7. Is q(-4) composite?
True
Let k be (12/15)/(4/10). Suppose u - 4*s - 1 + 7 = 0, 4*s - k = 3*u. Suppose 2*n - q - 81 = n, -n + 69 = u*q. Is n a composite number?
True
Suppose 9*v - 1501 = 8*v. Is v prime?
False
Let q(x) = -6*x + 7. Let d be 6/(-4) + (-9)/2. Let l be 3 + 16/d*3. Is q(l) a prime number?
True
Let f(m) = -28*m - 7. Is f(-6) prime?
False
Let l be 3/18*-2*0. Suppose -5*t = -3*v - 27, l*t = t + 2*v + 5. Is t composite?
False
Is (3045 - (1 + -5))/1 a prime number?
True
Let d(x) = -4*x + 3. Is d(-5) a composite number?
False
Suppose -s = -2*s - 5*w + 298, -2*s + 596 = -3*w. Is s composite?
True
Suppose 584 = c - 5*m + 2*m, -5*c + 4*m + 2964 = 0. Let n = c + -385. Is n a prime number?
True
Let q = 6 - 0. Suppose 2*c = q*c - 1196. Is c prime?
False
Let x(y) = 6*y**2 - 4*y + 7. Is x(6) composite?
False
Suppose -g - 5*y + 33 = 0, 0*y = y - 5. Let t = g - 1. Is t a prime number?
True
Let i(s) be the third derivative of -15*s**4 + s**3/6 + 4*s**2. Is i(-5) prime?
True
Is (-1)/3*(10 + -757) a prime number?
False
Let m(u) = 13*u - 28. Is m(9) composite?
False
Let j(g) = -5*g**3 - g**2 - 7*g - 4. Is j(-5) a composite number?
False
Let h(l) be the first derivative of -l**4/4 - 7*l**3/3 + 4*l**2 + 9*l + 2. Let x be h(-8). Is 6/(-27) + 317/x composite?
True
Let t(c) be the second derivative of -23*c**3/6 - 3*c**2/2 - 4*c. Is t(-2) prime?
True
Let p be (-1 - 4/2) + -970. Let n be 1/(-4) - p/4. Let t = -160 + n. Is t composite?
False
Let q be 65/4 - 2/8. Is (-79)/(-4) + (-12)/q prime?
True
Let m = 320 - 209. Is m a prime number?
False
Let i(u) be the third derivative of u**5/2 - u**4/24 + u**3/3 + u**2. Is i(1) a prime number?
True
Let m(x) = 11*x**2 + 4*x - 29. Is m(6) composite?
True
Is (-1 - -213) + -1 - (-1 + 1) a composite number?
False
Let g be (-4392)/(-45) + (-4)/(-10). Suppose 4*f - 2*f = 10. Suppose 0 = -3*o + h + g, -4*h = f*o + h - 130. Is o a composite number?
False
Suppose 32 = 4*t - 56. Suppose -5*l + 363 = -t. Is l prime?
False
Let g = -1636 - -2487. Is g composite?
True
Let a = -382 + 608. Is a prime?
False
Let x(r) = r**2 + 5*r - 3. Let t be x(-6). Suppose t*a = -5*p + 42, a = -p + 3*p - 19. Is (-1)/((-3)/(-6)) + p composite?
False
Let g(p) be the first derivative of -p**6/360 + p**5/40 + p**4/8 - p**3 + 1. Let l(a) be the third derivative of g(a). Is l(3) a prime number?
True
Suppose 17*o - 4367 = 852. Is o composite?
False
Suppose 4*l - 1373 = 551. Is l a prime number?
False
Suppose 4*l - 11 = z - 160, 5*z - 817 = -4*l. Is z prime?
False
Suppose -27*a + 22*a + 2065 = 0. Is a composite?
True
Let x be ((-3)/(3/(-2)))/2. Is -23*(0 + x)/(-1) a prime number?
True
Let h = 8 + -6. Let z = -14 + 16. Suppose h*d + 155 = 5*b, 4*b - 124 = z*d - d. Is b prime?
True
Let c = 185 + -88. Is c a composite number?
False
Suppose -5*s = -x - 5, s - 4*x - x = -23. Suppose 2*g - 116 = -s*w, 0 = g + g - 2*w - 112. Is g a composite number?
True
Is -3 - (-67)/(-2)*(-4)/1 a prime number?
True
Let x(o) = o**3 + 7*o**2 + 5*o - 3. Let t be x(-6). Is -89*4*t/(-12) a prime number?
True
Let c(g) = -g**3 + 13*g**2 + 3. Let z be c(13). Suppose z*h = -h + 1868. Is h a composite number?
False
Suppose -60 + 994 = t. Let h = t + -635. Is h prime?
False
Let w = 11 - 8. Let i(y) be the first derivative of 7*y**2/2 - 2*y - 3. Is i(w) a composite number?
False
Suppose -2*l + 5*n = -7, 0 = -3*l - 5*n + n + 45. Suppose -2*j - l = -165. Is j composite?
True
Let y(b) = -81*b - 35. Is y(-20) composite?
True
Let x(n) = -40*n - 2. Let b be x(4). Let f = 289 + b. Is f a prime number?
True
Let o = -32 + 46. Let c = -10 + o. Suppose 3*y + 64 = 2*w + 2*y, 2*y + c = 0. Is w a composite number?
False
Suppose -4*v = d - 2*v + 4, d = 2*v + 4. Is (2/(-5) + d)*-55 composite?
True
Suppose 6 = 2*f - 2. Let x be ((-50)/f)/(3/(-30)). Suppose 6*h - 2*h - 527 = -n, h - 2*n - x = 0. Is h a prime number?
True
Suppose 3*a - 5850 = -2*d + a, 5*d - 4*a = 14589. Is d a prime number?
False
Suppose 3*l - 33 = 21. Let k be 824/l + (-4)/(-18). Suppose 0 = -4*c + k + 10. Is c a composite number?
True
Is 691*(8/10 - (-8)/40) composite?
False
Suppose 4*h - 4 = 4*s, s - 6*s = 5*h + 55. Is s/8 + 155/20 composite?
False
Suppose 0 = 2*h - 3*s - 176 - 11, s = -3. Is h a prime number?
True
Let v(f) = 5*f**3. Let w be v(-1). Let s = w + 84. Suppose -s = -0*i - i. Is i prime?
True
Let u be 312/14 - (-12)/(-42). Let f = u - 8. Is f a prime number?
False
Let s = 25 + 54. Is ((-1 - -4) + -2)*s a composite number?
False
Suppose -3*b = 5*x - 2*x + 3, -4*x - 3*b - 3 = 0. Let l be ((2 - x) + 1)*1. Suppose 0 = -l*p - m + 40, -3*m - m = 2*p - 20. Is p composite?
True
Let y(n) = 3*n**2 - 10*n + 3. Is y(10) prime?
False
Suppose 0 = -2*i - 3*i. Is (-1)/(i - 2/106) composite?
False
Suppose 3*n + n = 444. Is n composite?
True
Is -3*(652/(-12) - -2) a prime number?
True
Let a be (-3)/6*1*-12. Let k be 0/(3/a*4). Suppose 3*c + 390 = 3*t, t + c + 2*c - 118 = k. Is t composite?
False
Let x(u) = -u**3 + 5*u**2 + u - 2. Let o be x(5). Suppose -4*q + q = k - 6, 6 = 2*k + o*q. Suppose 2*d + 4*v + k*v = 34, 3*v + 22 = d. Is d a prime number?
True
Let g(k) = k**3 - k**2 - k + 1. Let p(w) = -4*w**3 + 11*w**2 - 6*w + 4. Let t(h) = -3*g(h) - p(h). Let f be t(7). Let s(l) = -l + 9. Is s(f) composite?
False
Is 3 - (-1)/(-1) - -1295 a prime number?
True
Suppose -5*z - 184 = -5*o + 3*o, 4*o + 3*z = 394. Let v = 179 - o. Let q = -47 + v. Is q composite?
True
Let d(q) = q**2 + q. Let u be d(-2). Is (41 - 3) + -1 + u composite?
True
Let n(h) = -h**3 - 3*h**2 - h - 1. Let l be n(-3). Suppose -4*i = 2*m - 18, l*i - 6 + 1 = -5*m. Suppose -3*q + 334 = -5*k + 41, -5*k = -i*q + 475. Is q prime?
False
Suppose u - d - 314 = 313, -5*u -